the prime factors of i.
2, 3
Let k = 3 + 17. Suppose -5*q = -k, c - 5*q + 11 + 7 = 0. Suppose 4*i - 108 = n - 3*n, -5*i + 110 = c*n. List the prime factors of n.
2, 5
Let q(p) = -p**2 - 19*p + 12. Let l be q(-10). Suppose 4*v + 51 = n, -369 + l = -4*n - 5*v. List the prime factors of n.
3, 7
Let t(v) = 2*v**2 + 5*v + 6. Let a(s) = -s**2 - 4*s - 6. Let z(g) = 3*a(g) + 4*t(g). List the prime factors of z(-5).
7, 13
Suppose 1900 = 2*y - 22. What are the prime factors of y?
31
Suppose 3*o + 5*s = 4388, -26*o + 30*o - s - 5889 = 0. What are the prime factors of o?
1471
Suppose -i = 4 - 3. Let a be 1/(i/4) - -51. Suppose 17 = 3*f + 4*j - a, -4*f + 5*j + 75 = 0. List the prime factors of f.
2, 5
Let l(a) = -a**2 + 5*a - 2. Let d be l(4). Suppose 0 = -2*i - 3*z + 185, -76 = -2*i - d*z + 110. List the prime factors of i.
2, 47
Let f(t) = t**3 - 4*t + 2 - 6*t - 2*t**2 + 9*t. What are the prime factors of f(4)?
2, 3, 5
Let l(b) = 4*b**2 - 2*b + 4. List the prime factors of l(12).
2, 139
Let k(w) = -3*w**2 + 8*w - 4. Let f be k(5). Let l be 1*7/((-7)/62). Let h = f - l. List the prime factors of h.
23
Let i(y) = y**3 - 3*y**2 + 4*y. Let p be i(5). Suppose 0 = 5*r - 295 + p. What are the prime factors of r?
3, 5
Let t = -45 + 30. Let o = t + 65. Suppose w - o = -w. What are the prime factors of w?
5
Let l = -60 - -417. What are the prime factors of l?
3, 7, 17
Let n(y) = -y**3 + 3*y**2 - 4*y + 2*y**2 + 2*y**2. Let c be n(6). Suppose 7*v + 335 = c*v. What are the prime factors of v?
67
Let x = 359 - 197. List the prime factors of x.
2, 3
Let x = 198 - 193. Suppose -236 = -5*q + 79. Suppose -2*k - q = -x*k. List the prime factors of k.
3, 7
Let b(x) = -13*x + 2. Let y(p) = p - 1. Let s be y(2). Suppose -11 = 5*k - s. What are the prime factors of b(k)?
2, 7
Let x(k) = 147*k - 1. Let t = -15 - -16. Let c be x(t). Suppose -58 = -6*r + c. List the prime factors of r.
2, 17
Suppose 0 = 9*k + 3*k + 8*k. Let d be -24*2/(-4)*7. Suppose k = 4*f - 5*b - d, 3*b - 74 = -3*f + 4*b. List the prime factors of f.
2, 13
Let l be (-30)/(-20)*(0 + 2). Let o be -3*(1 + (-6)/l). Suppose 0 = -5*i + 5*k + 80, 0*k - 8 = -i + o*k. What are the prime factors of i?
2, 5
Suppose -168 + 618 = -10*b. What are the prime factors of 1/(-5) + (-1494)/b?
3, 11
Suppose -4*z + 6 = -34. Let o = z - -47. What are the prime factors of o?
3, 19
Let p(l) = 2*l**2 + 3*l - 4. Let g be p(4). Suppose g*t - 35*t = 185. What are the prime factors of t?
37
Let q be 5 + (-1 - -207) + -1. Suppose 2*f = -2*d + q, -529 = -2*f - 3*f - 3*d. List the prime factors of f.
107
Let y be (-1)/5 + (-17670)/25 - 3. What are the prime factors of (0 + y)*(51/(-15) - -3)?
2, 71
Suppose 5*w - 102 = -3*r, -3*w + 3*r - 7*r = -59. Let o = w + -17. What are the prime factors of 2*(177/6 + o)?
67
Let h(o) = 53*o**2 - 12*o - 15. What are the prime factors of h(-3)?
2, 3, 83
Let c(r) = -r**2 + 12*r + 14. Let s be c(13). Let v be s*(-73)/(-1)*1. Let f = v + -30. List the prime factors of f.
43
Let t(i) = 238*i**2 - 5*i - 4. Let d be t(-1). Let c = -144 + d. What are the prime factors of c?
5, 19
Let o(k) = 11 + k + 79*k**2 - 71*k**2 + 0*k**3 + k**3. List the prime factors of o(-8).
3
Let n(o) = 331*o - 95. What are the prime factors of n(3)?
2, 449
Let f be 3 - (-2 + 3 + 0). Suppose 6 = f*o + o. What are the prime factors of o + 0 + (13 - -3)?
2, 3
Suppose 5147 + 14252 = 19*t. List the prime factors of t.
1021
Let k(d) = 25*d - 691. What are the prime factors of k(44)?
409
Suppose 1645 = 5*h - 10*h. Let p = -197 - h. What are the prime factors of p?
2, 3, 11
Suppose 2*x + 16 = 4*x. Let g = 3 + x. What are the prime factors of g?
11
Suppose 0 = -2*p, 0*t + 2*t - 2*p = 0. Suppose 4*u + v - 344 = 2*u, -u + 4*v + 163 = t. List the prime factors of (u/(-27))/(2/(-6)).
19
Let z(j) = 14*j**3 + 2*j**2 - 2*j - 2. Let h be z(2). Suppose 9*c - h = 3*c. List the prime factors of c.
19
Let y(l) = -l**2 - 19*l - 5 - 8 + 37*l - 3*l. Suppose 9 = i - 4. List the prime factors of y(i).
13
Suppose 5 = -5*h, -3*x - 2*h = -x + 28. What are the prime factors of x/((-39)/10)*408/5?
2, 17
Let a = -745 - -1417. List the prime factors of a.
2, 3, 7
What are the prime factors of (-10)/(-8) + 2/(-8) + 2076?
31, 67
Suppose -3*u - 2*u - 2*m = 55, -3*u - 49 = -2*m. Let p be 52/u + 5*8. Suppose -4*a + 3*a + 4*c + p = 0, 0 = 4*c + 8. List the prime factors of a.
2, 7
Suppose -13267 = -8*d - 3459. List the prime factors of d.
2, 613
Let u be 1 + 3238/14 + (-6)/21. Suppose -6*y + 56 = -u. What are the prime factors of y?
2, 3
Let z be (-28)/(-6) + 10/(-15). Suppose z*k = 2*m + 601 - 201, -4*k = 2*m - 392. Let p = k + -64. What are the prime factors of p?
5, 7
Let p = -266 - -462. Suppose -199*q + 234 = -p*q. List the prime factors of q.
2, 3, 13
Let s = -204 + 117. Let z = -97 - -226. Let a = s + z. What are the prime factors of a?
2, 3, 7
Suppose -2*z = -6*z - 12. Let y be 44 + (-6 - z) + 1. Let w = -26 + y. List the prime factors of w.
2
Let w(s) = 1427*s**2 + 4*s - 6. List the prime factors of w(1).
3, 5, 19
Suppose -7*o + 11*o - 12 = 0. Suppose -184 + 13 = -o*a. What are the prime factors of a?
3, 19
Let z be (-8)/(-6)*66/(-4). Suppose -2*g + 113 = 37. Let o = z + g. What are the prime factors of o?
2
Let x = 28 + -36. Let k(v) = -v**2 - 9*v + 4. List the prime factors of k(x).
2, 3
Let z be (-3 - -3 - 4)*-14. Suppose 5*s - 149 = z. What are the prime factors of s?
41
Suppose 413 = p - r, 3*p - 419 = 2*p - 2*r. List the prime factors of p.
5, 83
Let r(n) = -1734*n + 74. What are the prime factors of r(-1)?
2, 113
Let q(l) = 31*l**2 + 19*l - 108. What are the prime factors of q(8)?
2, 3, 13
Let o = 144 + -246. Let c = o - -167. List the prime factors of c.
5, 13
List the prime factors of -13 + 12 + (-1878)/(-6).
2, 3, 13
Let s(v) = 195*v**2 - 8*v - 11. What are the prime factors of s(-2)?
5, 157
Let i be (-356)/(-10)*50/20. Let z = 40 + i. What are the prime factors of z?
3, 43
Let m(s) = -12*s**2 + 3*s - 2. Let b be m(1). List the prime factors of (24/b - -2) + 268/22.
2, 3
Suppose -52*n + 4680 = -46*n. List the prime factors of n.
2, 3, 5, 13
Let x = 27 - -355. List the prime factors of x.
2, 191
Let h = -200 + 991. What are the prime factors of h?
7, 113
Let f(v) be the third derivative of v**6/120 + v**5/6 - 7*v**4/24 - v**3 - 3*v**2. What are the prime factors of f(-10)?
2
Let y(d) = d**2 - 2*d + 5. Let r be y(5). Let m(w) be the first derivative of w**2/2 - 14*w + 155. What are the prime factors of m(r)?
2, 3
Suppose -6*f + 7*f - 1525 = -5*x, -5*x = 2*f - 1530. List the prime factors of x.
2, 19
Let p(w) = 13*w - 4 + 2*w**2 + 7 - w**2 + 20. List the prime factors of p(-17).
7, 13
Suppose 0 = 3*i - 8 + 2. Let r be (-35)/10*(-12)/i. List the prime factors of 69/r - 2/7.
3
Suppose -43 = -2*a + 3*q, 4*a - 87 = -4*q - 11. What are the prime factors of a*((-84)/64 + 1)*-4?
5
Let r(x) = -97*x + 204. What are the prime factors of r(-33)?
3, 5, 227
Let c be (5 + -2)*184/12. Suppose c = y + y - 5*t, -5*t = -y + 33. List the prime factors of y.
13
Let h(c) = c + 2. Let m(p) = p**2 + 3*p + 7. Let v be m(-3). Let x be h(v). Suppose -x = -3*w + 24. What are the prime factors of w?
11
Suppose k - 4*k - 5*a = -3145, 3*a + 5185 = 5*k. Suppose -4*y - 4*q + k = -6*q, y + 5*q = 271. What are the prime factors of y?
3, 29
Let v be (12/18)/((-6)/369). Let u = -58 - v. Let l = u + 36. List the prime factors of l.
19
Let o be 26 - 1/2*-6. Suppose 3*w - 7*u + 2*u - 87 = 0, -w - u = -o. Suppose 4*s - 31 = w. What are the prime factors of s?
3, 5
Let h(w) = 3*w + 6. Suppose -3*o - 2*u + 18 = -u, -5*o = -4*u - 47. Let b = 13 - o. What are the prime factors of h(b)?
2, 3
Let q(g) = g**3 + 8*g**2 - g - 3. Let z(s) = s**3 - 9*s**2 + 4*s + 4. Let t be z(9). Suppose t = -i - 4*i. What are the prime factors of q(i)?
5
Let r(v) = -v**3 + 2. Suppose -4*t + 5*k - 12 = 13, -5*t - 4*k = -20. Let c be r(t). Suppose c*j = -l + 22, 4*j + j = -l + 7. What are the prime factors of l?
2
Suppose 22 = 3*y + 4*g, -17 = -2*y - 3*g - 2*g. Let q be 8 + (3/1 - y). Suppose q*k + 4*p = 97, -5*k + 69 = -4*p - 4. List the prime factors of k.
17
Let g(c) = c**2 + 3*c + 15. Suppose -5*q + 43 = -4*h, 0 = 2*h - 2*q - 11 + 31. What are the prime factors of g(h)?
43
Suppose 4*y - 4104 = -4*g, 12*g = y + 9*g - 10